8. What is the units digit of p?
6
Suppose 635*y = 632*y + 1455. What is the units digit of y?
5
Suppose -4*f - h = 4*h - 971, -4 = 4*h. What is the tens digit of f?
4
Let z = 634 - -684. What is the units digit of z?
8
Let d(u) = -16*u**2 - 24*u - 41. Let p(q) = -3*q**2 - 5*q - 8. Let s(x) = -2*d(x) + 11*p(x). Let c be s(-7). What is the units digit of (4/c)/((-5)/105)?
4
Let f(y) = 7*y - 42. Let z(d) = -8*d + 43. Let b(q) = -4*f(q) - 3*z(q). Let i(h) = 2*h - 19. Let k(x) = 6*b(x) + 13*i(x). What is the tens digit of k(16)?
1
Let y = -3 + 20. Let q = y - 13. Suppose -2*m - 5*c + 53 = 0, -q*c = -3*c - 3. What is the tens digit of m?
1
Suppose 0 = -2*c + 3*c - 6. Suppose -c = w - 3*w. Suppose 9 = w*o - 21. What is the units digit of o?
0
Let o = 3 + 4. Suppose 3*y + o - 28 = 0. What is the tens digit of y*(0 - 2)*-1?
1
Suppose 0 = 5*d + 15, -12407 = 201*u - 205*u + 5*d. What is the units digit of u?
8
Let u = 6 + -12. Let s be (-2 - -2)/(7 + u). Suppose s = -2*d - 5*f + 16, -5*d - 3*f = -5 - 35. What is the units digit of d?
8
Let w be 2 + 0 + 2/((-4)/6). What is the hundreds digit of 9/(-4 - w) + 201?
1
Let i be -2 - (1 - 1) - 0. Let x(q) be the second derivative of 7*q**4/12 + q**3/2 + q**2 - 14*q. What is the units digit of x(i)?
4
Suppose 0 = 10*m - 645 - 18345. What is the thousands digit of m?
1
Let x = -4759 - -6824. What is the hundreds digit of x?
0
Let x be -2*(15 + -2)/((-1)/(-4)). What is the hundreds digit of x*5*(-2)/8?
1
Let o = 1012 + -536. What is the tens digit of o?
7
Let q = 7 + -13. Let o be ((-21)/q + -1)*118. Suppose -5*r + 5*g + o = 0, 0*r = 2*r + 5*g - 125. What is the units digit of r?
0
Let t(m) = m**3 + 75*m**2 - 88*m - 117. What is the tens digit of t(-76)?
9
Let g be 2 - 24/10 - 34/(-10). Suppose 5*z + 2*r = 42, -g*r + 5*r = -4*z + 32. What is the tens digit of z?
1
What is the hundreds digit of (-2)/(-13) - (-82632)/143?
5
Let u(n) = -6*n - 3. Let j be 15/6*4/5. Suppose -2*k = j*y + 8, -k = 4*k - 5. What is the units digit of u(y)?
7
Let n(k) = k - 3. Suppose -4*l = 3*x - 41, 16 = 5*l - 9. Let j(v) = v - 6. Let h(m) = x*n(m) - 3*j(m). What is the units digit of h(2)?
5
Suppose -4*f = 4*c - 1004, -557 = -4*f - c + 444. Let p = -111 + f. What is the tens digit of p?
3
What is the thousands digit of ((-12988)/102)/((-1)/21)?
2
Let a(l) = -23*l + 3. Let c(p) = 46*p - 7. Let o(h) = -11*a(h) - 6*c(h). Let b be o(-5). Let t = b - 89. What is the tens digit of t?
3
Suppose -o - 3 = -3*y, -5*y + 18 = -2*o - 3*y. Let u(j) = j**3 + 12*j**2 + 2. What is the units digit of u(o)?
2
Let l = 128 + -127. What is the units digit of 3/(18/1248) - 4/l?
4
Let n be (12/10)/(4/10). Suppose 5*s = n*s + 4. Suppose 5*k = 4*f - 185, 3*k = s*f - 76 - 17. What is the tens digit of f?
4
Let k(u) = u**3 + 7*u**2 + 5*u - 2. Let s be k(-6). Suppose 5*i + 6 + s = 0. Let q(f) = -20*f - 4. What is the units digit of q(i)?
6
Suppose -14*g - 5*o = -12*g - 6119, -3*o = -g + 3032. What is the thousands digit of g?
3
What is the hundreds digit of (-382)/3*(4 - 44/8)?
1
Let c(b) = b + 1. Let k(y) = -5*y - 6. Let u(z) = 6*c(z) + k(z). Let d be u(2). Suppose 11 = d*s - 13. What is the tens digit of s?
1
Let j(c) = -2*c + c**3 - 6*c**2 + 0*c - 3*c + 0*c**3 - 13. Let n be j(7). What is the tens digit of ((-3)/9)/(n/(-102))?
3
Suppose -4*c = 2*w - 4042, 2*c = w + w - 4048. What is the tens digit of w?
2
What is the hundreds digit of (-224)/(400/(-375) - (-2)/5)?
3
Let m be (-18)/(-10)*(-30)/(-9). Suppose -4*l = -6 - m. Suppose u + 37 = 6*u + l*g, 0 = -3*u + 5*g - 5. What is the units digit of u?
5
Let d = 61 + -29. Let z = 20 - 16. Suppose -4*f = -z*x - 144, -3*x - 2*x = -f + d. What is the tens digit of f?
3
Suppose -2*x = 341 - 941. Suppose -5*c + c - x = 0. Let i = -37 - c. What is the tens digit of i?
3
Suppose -17*i - 36 = -18*i. Let k = 20 + i. What is the units digit of k?
6
Let z = 62 + -44. Let f(d) = -d**3 + 19*d**2 - 14*d - 3. What is the units digit of f(z)?
9
Suppose -3*s = 8 + 4. What is the hundreds digit of (-20)/s - (1 - 185)?
1
Suppose -6 = -v - 11, 2*h - 7985 = -v. What is the units digit of h?
5
Suppose -6*p + 4 + 26 = 0. Suppose 133 = p*b - 372. What is the units digit of b?
1
Let v(s) = s**2 + 10*s - 72. Let q be v(-19). What is the units digit of (-6)/27 + 23782/q?
0
Let r be 1 + -2 - -3 - -10. Let i = r - 10. Suppose -74 = -4*g - i. What is the tens digit of g?
1
Let g be 3/4 + (-2625)/(-84). Suppose 104 = 34*j - g*j. What is the units digit of j?
2
Let b(j) = 41*j**2 + 29*j - 241. What is the thousands digit of b(8)?
2
Let q(y) = 41*y - 41. Let p(d) = -21*d + 20. Let v(n) = -14*p(n) - 6*q(n). What is the tens digit of v(5)?
0
Let q(t) = -t**3 + 7*t**2 + 9*t + 11. Let m be (2/3)/((-6)/45). Let g = m - -13. What is the units digit of q(g)?
9
Let b be (-6 + 2)*(-1)/2. Suppose 4*y + 0*s = -b*s + 490, 5*y - 580 = 4*s. What is the hundreds digit of y?
1
Let d = 450 + -358. What is the tens digit of d?
9
Let q = -14 + 25. Let h(t) = -3*t**3 - 14 + 2*t**3 + t**2 + 14*t**2 - q*t. What is the units digit of h(14)?
8
Let x(d) = -2*d**2 + 38*d + 15. What is the tens digit of x(15)?
3
What is the tens digit of 24/(-88) - (-68121)/33?
6
Suppose -2*l - 4*p = -8, l = 3*p + 2*p - 3. Suppose -3*a + 6*x - 5*x = -60, 2*a - 48 = -l*x. What is the tens digit of a?
2
Let q be 1/5 + (-10170)/(-25) + -1. Suppose x + 2 = 2*o + 101, 4*x - 3*o - q = 0. What is the tens digit of x?
0
Let h(i) be the third derivative of -i**4/24 + 5*i**3/3 + 2*i**2. Let g be h(8). Suppose -c = g*c - 9. What is the units digit of c?
3
Suppose 0 = 5*a + 2*x - 1 - 0, 0 = 3*a - 3*x - 9. What is the units digit of (41 - -6) + -2 + a?
6
Suppose -15*k + 12*k + 1506 = 0. What is the hundreds digit of k?
5
Let h = 38 + -34. Suppose 10*c - 510 = h*c. What is the units digit of c?
5
What is the units digit of (-1)/(5/405*-1)?
1
Suppose -6763 + 1233 = -2*c + 4*s, 4*c + 5*s = 11060. What is the thousands digit of c?
2
Let v = 800 - 143. What is the tens digit of v?
5
Suppose -5*f - 377 = -6*f. Let w = -245 + f. What is the units digit of w?
2
Let q be (18 - 21)*4/(-6). Suppose 272 = 4*t + q*u, 2*t + 4*u - 51 = 97. What is the units digit of t?
6
Let w(k) = -3*k. Let x be w(-2). Suppose -3*l + 0*l = -x. Suppose 17 = -l*d + 149. What is the units digit of d?
6
Let n = -17 + 10. Let h = n - -9. What is the tens digit of 2/1 - h - -27?
2
Let d be (-3 - -6) + (-1 - (-3 - -2)). Suppose -3*z + 312 + d = 0. What is the units digit of z?
5
Suppose d = 4*m - 460 - 37, 0 = -2*m + 3*d + 241. What is the hundreds digit of m?
1
Let g = -41 - -87. Suppose -72 = -48*w + g*w. What is the tens digit of w?
3
Let s(c) = 15*c**2 - 3*c - 10. What is the hundreds digit of s(-6)?
5
Let h(i) = 17*i**2 + 19*i + 89. What is the tens digit of h(-4)?
8
Let u(y) = y**2 - 5*y + 4. Let w be u(4). Suppose w = -o + 4*p - 9*p + 3, 0 = -4*p. Suppose 29 = o*f - 5*x - 6, -5 = -f - 5*x. What is the tens digit of f?
1
Suppose 2*d + 19 = -71. What is the units digit of (d/30)/(6/(-20))?
5
What is the hundreds digit of ((-1)/(-2))/(7/30142)?
1
Let i be ((-4)/(-12)*0)/3. Let m be 16 - 14 - (0 + i). Suppose 2*r - m*h = 70, -r + 9*h - 4*h = -55. What is the tens digit of r?
3
Let t = -1366 - -1546. What is the units digit of t?
0
Suppose 55 = 4*l + l. Let r(j) = 7*j**2 + 3*j - 2. Let s(z) = -34*z**2 - 16*z + 11. Let v(h) = l*r(h) + 2*s(h). What is the units digit of v(1)?
0
Let p(b) = 3*b + 18. Let o(r) = -r**2 - 6*r + 1. Let c be o(-7). Let z be p(c). Suppose 2*h = -4 + 2, 4*q + 4*h - 204 = z. What is the tens digit of q?
5
Let u(p) = 8*p**2 + 3*p + 13. Let h be u(-7). Suppose 2*b = -i + 4*i + 162, -5*b + h = 3*i. What is the units digit of b?
8
Let p = 15 + -8. Let j(o) = -4*o + 6*o + 21 - p. What is the units digit of j(11)?
6
Let g = 175 - 36. Let p = -26 + g. What is the tens digit of p?
1
Let d(h) = -h**3 - 16*h**2 - 19*h + 36. Let i be (-14)/(-7) - (17 + 0). What is the units digit of d(i)?
6
Let k(s) = s**2 - 4*s + 2. Let i be k(4). Suppose 0*t - i*t = 4. What is the units digit of (-171)/(-15) - t/(-5)?
1
Let c(d) = 52*d + 1. Let l(j) = 3*j**2 + 6*j + 7. Let b be l(-1). What is the tens digit of c(b)?
0
Let m = -124 + 235. Suppose m*i - 108*i = 516. What is the tens digit of i?
7
Suppose -415 = -5*r - 0*s + 4*s, -r - s + 92 